the remainder when 1247 is divided by 1080.
167
What is the remainder when 28176 is divided by 90?
6
What is the remainder when 6472 is divided by 101?
8
Calculate the remainder when 2060 is divided by 167.
56
What is the remainder when 758885 is divided by 7440?
5
What is the remainder when 743791 is divided by 19?
17
What is the remainder when 939 is divided by 33?
15
What is the remainder when 26552 is divided by 948?
8
Calculate the remainder when 387444 is divided by 668.
4
What is the remainder when 404206 is divided by 16?
14
Calculate the remainder when 846 is divided by 29.
5
What is the remainder when 30844 is divided by 30843?
1
What is the remainder when 9605 is divided by 150?
5
What is the remainder when 2958 is divided by 417?
39
Calculate the remainder when 2505 is divided by 81.
75
What is the remainder when 3783167 is divided by 1152?
1151
What is the remainder when 7225 is divided by 211?
51
Calculate the remainder when 3856 is divided by 121.
105
Calculate the remainder when 735196 is divided by 59.
56
What is the remainder when 104116 is divided by 152?
148
What is the remainder when 3810 is divided by 31?
28
Calculate the remainder when 20408 is divided by 822.
680
What is the remainder when 359418 is divided by 179695?
28
What is the remainder when 14655 is divided by 888?
447
Calculate the remainder when 7747 is divided by 3866.
15
Calculate the remainder when 1581242 is divided by 229.
226
Calculate the remainder when 136454 is divided by 171.
167
What is the remainder when 11892 is divided by 64?
52
What is the remainder when 75067 is divided by 391?
386
Calculate the remainder when 23791 is divided by 103.
101
Calculate the remainder when 7217 is divided by 1108.
569
What is the remainder when 23766 is divided by 512?
214
What is the remainder when 17714 is divided by 206?
204
What is the remainder when 20566 is divided by 24?
22
What is the remainder when 24990 is divided by 71?
69
What is the remainder when 2977 is divided by 11?
7
Calculate the remainder when 1940 is divided by 1408.
532
What is the remainder when 62832 is divided by 20939?
15
Calculate the remainder when 482855 is divided by 7.
2
Calculate the remainder when 5849 is divided by 76.
73
Calculate the remainder when 38150 is divided by 5445.
35
What is the remainder when 4314 is divided by 4161?
153
Calculate the remainder when 1917711 is divided by 116.
115
Calculate the remainder when 1225559 is divided by 35.
34
Calculate the remainder when 11465 is divided by 62.
57
Calculate the remainder when 872 is divided by 455.
417
Calculate the remainder when 838892 is divided by 209723.
0
Calculate the remainder when 1697 is divided by 16.
1
What is the remainder when 296538 is divided by 19?
5
What is the remainder when 677 is divided by 621?
56
Calculate the remainder when 929 is divided by 55.
49
Calculate the remainder when 89403 is divided by 298.
3
Calculate the remainder when 596727 is divided by 143.
131
Calculate the remainder when 382032 is divided by 67.
65
What is the remainder when 127887 is divided by 42?
39
Calculate the remainder when 57078 is divided by 159.
156
Calculate the remainder when 13646 is divided by 22.
6
What is the remainder when 5875 is divided by 1952?
19
Calculate the remainder when 21331 is divided by 8.
3
Calculate the remainder when 50069 is divided by 196.
89
Calculate the remainder when 1874 is divided by 257.
75
What is the remainder when 44823 is divided by 59?
42
Calculate the remainder when 49849 is divided by 25.
24
What is the remainder when 56055 is divided by 98?
97
Calculate the remainder when 63113 is divided by 418.
413
Calculate the remainder when 362844 is divided by 15.
9
Calculate the remainder when 969927 is divided by 248.
247
Calculate the remainder when 643206 is divided by 296.
294
What is the remainder when 638070 is divided by 20?
10
Calculate the remainder when 5367 is divided by 12.
3
Calculate the remainder when 114510 is divided by 16.
14
Calculate the remainder when 2513 is divided by 27.
2
Calculate the remainder when 12526 is divided by 29.
27
Calculate the remainder when 11539 is divided by 50.
39
What is the remainder when 101098 is divided by 369?
361
What is the remainder when 22796 is divided by 380?
376
What is the remainder when 1107 is divided by 184?
3
What is the remainder when 68720 is divided by 312?
80
What is the remainder when 5605 is divided by 846?
529
What is the remainder when 1187 is divided by 27?
26
What is the remainder when 6017 is divided by 64?
1
What is the remainder when 6596 is divided by 235?
16
Calculate the remainder when 14765 is divided by 63.
23
What is the remainder when 51388 is divided by 13?
12
What is the remainder when 3362 is divided by 1675?
12
Calculate the remainder when 235787 is divided by 35.
27
Calculate the remainder when 22827 is divided by 37.
35
Calculate the remainder when 7390 is divided by 7344.
46
What is the remainder when 584 is divided by 52?
12
Calculate the remainder when 1112801 is divided by 370931.
8
What is the remainder when 313595 is divided by 392?
387
Calculate the remainder when 51874 is divided by 12951.
70
Calculate the remainder when 6361 is divided by 3171.
19
What is the remainder when 1313 is divided by 42?
11
What is the remainder when 172264 is divided by 70?
64
What is the remainder when 14491 is divided by 7227?
37
Calculate the remainder when 6843 is divided by 171.
3
What is the remainder when 5658 is divided by 203?
177
Calculate the remainder when 12611 is divided by 4177.
80
Calculate the remainder when 720232 is divided by 217.
9
Calculate the remainder when 6709 is divided by 8.
5
What is the remainder when 45371 is divided by 240?
11
What is the remainder when 4923 is divided by 510?
333
Calculate the remainder when 967 is divided by 521.
446
What is the remainder when 36951 is divided by 84?
75
Calculate the remainder when 80850 is divided by 1263.
18
Calculate the remainder when 75 is divided by 65.
10
Calculate the remainder when 82415 is divided by 9.
2
What is the remainder when 87058 is divided by 1161?
1144
What is the remainder when 81033 is divided by 62?
61
Calculate the remainder when 26935 is divided by 818.
759
What is the remainder when 1115 is divided by 1106?
9
What is the remainder when 41020 is divided by 423?
412
What is the remainder when 89970 is divided by 29990?
0
Calculate the remainder when 347787 is divided by 69550.
37
Calculate the remainder when 942598 is divided by 200.
198
Calculate the remainder when 45995 is divided by 582.
17
Calculate the remainder when 63011 is divided by 15668.
339
Calculate the remainder when 1795 is divided by 173.
65
What is the remainder when 16625 is divided by 69?
65
What is the remainder when 46907 is divided by 1562?
47
What is the remainder when 128974 is divided by 122?
20
Calculate the remainder when 116653 is divided by 134.
73
Calculate the remainder when 9454 is divided by 3139.
37
What is the remainder when 136997 is divided by 34248?
5
What is the remainder when 3155059 is divided by 889?
887
What is the remainder when 32589 is divided by 15?
9
Calculate the remainder when 2519 is divided by 62.
39
What is the remainder when 8307 is divided by 543?
162
What is the remainder when 15423 is divided by 15382?
41
Calculate the remainder when 91089 is divided by 118.
111
Calculate the remainder when 42685 is divided by 20.
5
What is the remainder when 91082 is divided by 4554?
2
Calculate the remainder when 11626 is divided by 233.
209
Calculate the remainder when 1994 is divided by 6.
2
Calculate the remainder when 10441 is divided by 475.
466
What is the remainder when 5434 is divided by 23?
6
Calculate the remainder when 386762 is divided by 38.
36
What is the remainder when 1242315 is divided by 42?
39
What is the remainder when 612557 is divided by 18?
17
What is the remainder when 7803 is divided by 237?
219
Calculate the remainder when 893 is divided by 72.
29
What is the remainder when 108180 is divided by 138?
126
Calculate the remainder when 5613 is divided by 26.
23
Calculate the remainder when 559816 is divided by 54.
52
What is the remainder when 197388 is divided by 10?
8
What is the remainder when 1284 is divided by 583